 greatest common factor of b and r.
10
Suppose -8820 - 1780 = -25*w. What is the highest common divisor of 16 and w?
8
Let s = -5779 + 5914. Suppose -5*j + 30 = 5*w, 3*j = -2*w - 2*w + 19. What is the greatest common divisor of j and s?
5
Suppose 3*s - 11 = -5*q, -14*s + 12*s = 5*q - 14. Let j be 30/q*272/102. What is the highest common divisor of 4 and j?
4
Let o(c) = c**2 + 22*c + 121. Let a be o(-11). Let v be 28/1 + a/5. What is the highest common factor of 49 and v?
7
Suppose 43*b + 9258 = 133958. Calculate the highest common factor of 116 and b.
116
Let q(n) = 4*n**2 - 7*n + 10. Let m be q(10). Let r = 439 - m. Calculate the greatest common divisor of r and 22.
11
Suppose -183 - 483 = -24*n + 6. What is the highest common factor of n and 42?
14
Suppose -15456 = -20*n + 6*n. What is the highest common factor of 48 and n?
48
Suppose -74*k + 995170 = 83*k - 47*k. Calculate the highest common divisor of k and 109.
109
Let x(v) be the first derivative of 14*v**2 - 32*v + 20. Let f be x(5). What is the highest common factor of f and 90?
18
Let q(o) = -31*o + 212. Let i be q(6). What is the greatest common factor of 923 and i?
13
Suppose -148*h + 132*h = -3456. Calculate the highest common factor of h and 594.
54
Let p be (-1)/((-34)/4) - (-330)/85. Let d be (-40)/5*(-6 + p). What is the greatest common factor of d and 336?
16
Let b(q) = q**3 + 24*q**2 - 24*q + 86. Let t be b(-25). Suppose -3*l - v + t = 0, 3*l - 19 = 2*l - v. What is the greatest common factor of l and 21?
21
Let r = -181 + 456. Let n = 126 + -101. What is the greatest common divisor of n and r?
25
Suppose 4*x + 39 = 5*d - 71, 66 = 3*d + 5*x. Calculate the highest common divisor of d and 2.
2
Suppose 0 = -4*t - 2*j + 3818 - 1152, 0 = -2*t + 4*j + 1328. Suppose 6*o - 58 = 3*o + 4*n, 17 = o + n. Calculate the highest common divisor of t and o.
18
Let p = 4113 - -5015. What is the highest common factor of 56 and p?
56
Suppose 0 = -102*r - 1807 + 192950 - 20191. Calculate the greatest common divisor of r and 16.
4
Let y(d) = -15*d + 1998. Let n be y(45). Calculate the greatest common divisor of n and 135.
27
Let o(h) = -53 + 152 - 35 + 7*h - 38 + 19*h**2. Let g be o(-3). What is the highest common divisor of 24 and g?
8
Let b(r) = r**3 - 44*r**2 + 303*r - 24. Let v be b(8). Calculate the highest common divisor of 4704 and v.
96
Let d be 0 - ((-3 - 6) + (-267 - -10)). Calculate the greatest common factor of d and 57.
19
Let j(q) = 75*q + 1129. Let x be j(-11). Calculate the greatest common divisor of x and 36.
4
Let b(z) = -16*z - 43. Suppose -3*c + 11*q = 14*q - 3, -2*q - 1 = 3*c. Let s be b(c). Calculate the highest common factor of 260 and s.
5
Suppose -2*l + 3*l - 320 = 0. Let x = 23219 + -23203. What is the greatest common factor of l and x?
16
Let z(t) = t**2 - 8*t + 9. Let u be z(4). Let c be 245/u*5/((-25)/4). Suppose 9*x - c = 7*x. What is the highest common divisor of x and 70?
14
Suppose 0 = -5*r - v + 2882, 5*v - 174 = -4*r + 2119. Let n = r + -555. What is the greatest common factor of n and 462?
22
Suppose -533*r + 267*r - 224640 = -296*r. What is the highest common divisor of 39 and r?
39
Let r be (96/(-10))/((-5)/225). Let v be 17*(-12)/(-10) - 34/85. Suppose -8*h = -v*h + 576. What is the greatest common factor of h and r?
48
Suppose -30*t + 54 = -21*t. Let a(g) be the third derivative of -g**4/12 + g**2. Let w be a(-6). Calculate the greatest common divisor of t and w.
6
Let d(q) = 3*q**3 - 16*q**2 - 69*q + 330. Let j be d(13). Calculate the greatest common divisor of j and 16.
8
Let i = 2050 + -1177. Calculate the greatest common divisor of 27 and i.
9
Let i be (5/2)/(5*5/100). Suppose x + i - 54 = 0. What is the highest common divisor of 4 and x?
4
Suppose 53*h + 57*h - 118*h + 40 = 0. What is the highest common factor of 630 and h?
5
Suppose 0 = 9*x - 145 + 100. Suppose 0 = -0*p - x*p + 90. Calculate the greatest common factor of p and 6.
6
Let z = -48 + 58. Suppose 33 = z*y + y. Suppose a - 5 = 3*l, a + y*l = 2*l + 21. Calculate the highest common divisor of 17 and a.
17
Let t(z) = 15*z + 140. Let c(a) = 15*a + 138. Let y(i) = -4*c(i) + 3*t(i). Let o be y(-16). What is the highest common divisor of 54 and o?
54
Let z = -589 - -602. Let r = z - -142. What is the highest common factor of r and 93?
31
Suppose -3*m - 46 + 425 = 5*h, -h = -2*m - 68. Calculate the greatest common factor of h and 5846.
74
Let k = 590 + -339. Suppose 245*m + 84 = k*m. Calculate the highest common divisor of m and 154.
14
Let l be (-66)/(-77) - (-1473)/21. What is the highest common factor of 2911 and l?
71
Let w(a) = a + 9. Let v be w(-4). Let f be 8/v*30/12. Suppose -f*q + 51 = d, 4*d - 5*d - 5 = 0. Calculate the highest common factor of 70 and q.
14
Suppose 3*k = -5*d + 2*k + 42, -2*d = 5*k - 3. Suppose -13*w - 69 = -4. Let y be (-2)/9 + (-3668)/(-63) - w. What is the greatest common divisor of y and d?
9
Let m(l) = -20 + l**3 + 43 + 2*l - 8*l - 24 + 2*l**2. Let v be m(5). Suppose 4*b + v = 8*b. What is the highest common factor of b and 18?
18
Suppose 4*w + 3*d - 35 - 24 = 0, -6 = 2*d. Suppose -w*g - 6435 = -28*g. What is the highest common factor of g and 65?
65
Suppose 2*l + 16302 = -20*l. Let t be 1 - l*3/(-27)*-3. Calculate the highest common factor of 16 and t.
8
Let t(z) = 9*z - 150. Let a be t(17). Suppose 10*q = 5*q + 20. Suppose 3*j = -q*i + 56, 2*i - 29 + 73 = a*j. Calculate the highest common divisor of j and 144.
16
Let z be 6/(-4)*(-2 + 0). Suppose -61 - z = 2*i. Let s be 7/(i/12 + 3). What is the highest common factor of 28 and s?
7
Suppose -4*g = -770 - 110. Suppose -24*q + 351 = 111. What is the greatest common divisor of q and g?
10
Suppose 4*w = -m + 336, -7*m + 5*w + 1814 + 472 = 0. What is the greatest common divisor of m and 5084?
164
Let c = -121 - -116. Let w(v) = -v**3 - 3*v**2 - 4*v - 14. Let i be w(c). What is the greatest common factor of i and 98?
14
Suppose 161*n - 160*n - 21 = 0. Let t = -11 + n. Calculate the highest common divisor of 35 and t.
5
Let t(s) = -1655*s**3 - 3*s**2 - 18*s - 17. Let r be t(-1). Calculate the highest common factor of r and 87.
87
Suppose -103*d + 118*d - 17640 = 0. Calculate the greatest common factor of 210 and d.
42
Let q(x) = -x**3 + 65*x**2 - 840*x - 115. Let u be q(47). What is the greatest common factor of 8 and u?
1
Suppose -191 = -5*y + f, 22*y + 4*f = 18*y + 124. Suppose 0 = 5*n - 16 - 9. Suppose n*a - 83 = 657. Calculate the greatest common factor of a and y.
37
Suppose 311 - 159 = 10*y - 8*y. Calculate the greatest common factor of y and 65284.
76
Suppose 5*w - 115 = -15. Suppose 584*j + 85 = -573*j + 1174*j. What is the highest common divisor of j and w?
5
Suppose -35*l - 27*l + 243800 = 44*l. Calculate the greatest common divisor of l and 150.
50
Let x be ((-9)/(-12))/((-1 + 5)/96). Let z be (-91)/(-5) - (-13)/(-65). What is the highest common divisor of x and z?
18
Let t = -30989 + 31187. What is the highest common divisor of 9999 and t?
99
Let i(x) = -x**2 + 8*x. Let y be i(7). Let v = -174 + 176. Let u be 1 + (v + -5)*-2. What is the highest common factor of y and u?
7
Let o = 6 + 5. Suppose p + 343 = 5*i, -i - 5*p + 355 = 4*i. Suppose 5*f - 41 = i. What is the greatest common divisor of o and f?
11
Suppose -2*u + s + 697 = 146, -u + 288 = 2*s. Suppose -8*b + 6 = u. Let o = b + 42. Calculate the highest common divisor of o and 40.
8
Let n(k) = -k**3 + 4*k**2 + k - 8. Let r be n(3). Suppose 0*a + 72 = r*p - 4*a, -p + 22 = a. What is the highest common factor of 130 and p?
10
Let u be (-63)/(12/(-9)*(-18)/(-16)). Let s = -11 + u. Suppose 3*i - 8 - s = 0. Calculate the greatest common factor of i and 13.
13
Suppose p + k + 81 = -4*k, 170 = -2*p - 2*k. Let o be (p - (-4 - -2))*-1. What is the highest common divisor of o and 96?
12
Suppose 2*k + 4*x = 598, -15*k - 4*x + 309 = -14*k. Calculate the greatest common divisor of 493 and k.
17
Suppose -4*x + x + 6 = 3*k, 0 = 2*k - 3*x - 4. Let h = -13 - -16. Suppose -8 = -a - h*a. Calculate the highest common divisor of a and k.
2
Let n(r) = 32*r - 59. Let g be n(2). Suppose v + 7*b = 6*b + 94, -3*v = g*b - 284. Calculate the greatest common factor of v and 62.
31
Let v = 8192 + -7058. What is the greatest common factor of v and 14?
14
Let m be 716/3 + (-2)/3. Let r